{"id":28,"date":"2016-06-24T22:56:29","date_gmt":"2016-06-24T22:56:29","guid":{"rendered":"http:\/\/contacorrente.com.pt\/portal\/?page_id=28"},"modified":"2021-02-20T21:02:23","modified_gmt":"2021-02-20T21:02:23","slug":"servicos","status":"publish","type":"page","link":"https:\/\/contacorrente.com.pt\/portal\/servicos\/","title":{"rendered":"Servi\u00e7os"},"content":{"rendered":"\n<figure class=\"wp-block-gallery columns-1 wp-block-gallery-1 is-layout-flex\"><ul class=\"blocks-gallery-grid\"><li class=\"blocks-gallery-item\"><figure><img decoding=\"async\" loading=\"lazy\" width=\"300\" height=\"66\" src=\"https:\/\/contacorrente.com.pt\/portal\/wp-content\/uploads\/2021\/02\/simplex-2-300x66.jpg\" alt=\"\" data-id=\"85\" data-full-url=\"https:\/\/contacorrente.com.pt\/portal\/wp-content\/uploads\/2021\/02\/simplex-2.jpg\" data-link=\"https:\/\/contacorrente.com.pt\/portal\/servicos\/simplex-2\/\" class=\"wp-image-85\" srcset=\"https:\/\/contacorrente.com.pt\/portal\/wp-content\/uploads\/2021\/02\/simplex-2-300x66.jpg 300w, https:\/\/contacorrente.com.pt\/portal\/wp-content\/uploads\/2021\/02\/simplex-2-230x51.jpg 230w, https:\/\/contacorrente.com.pt\/portal\/wp-content\/uploads\/2021\/02\/simplex-2-350x77.jpg 350w, https:\/\/contacorrente.com.pt\/portal\/wp-content\/uploads\/2021\/02\/simplex-2.jpg 408w\" sizes=\"(max-width: 300px) 100vw, 300px\" \/><\/figure><\/li><\/ul><\/figure>\n\n\n<ul>\n<li>Valida\u00e7\u00e3o de faturas<\/li>\n<li>IRS<\/li>\n<li>IUC<\/li>\n<li>IMI<\/li>\n<li>Prova Escolar<\/li>\n<li>Bolsa DGES<\/li>\n<li>Requerimento seguran\u00e7a social<\/li>\n<\/ul>\n<h3><span style=\"color: #3366ff;\"><strong>Servi\u00e7os Administrativos \/ Financeiros:<\/strong><\/span><\/h3>\n<ul>\n<li>Acionar seguro comum do edif\u00edcio<\/li>\n<li>Apresenta\u00e7\u00e3o anual de contas e or\u00e7amento<\/li>\n<li>Cobran\u00e7a extrajudicial das quotas<\/li>\n<li>Contrata\u00e7\u00e3o e supervis\u00e3o de Servi\u00e7os de Interesse Comum<\/li>\n<li>Elabora\u00e7\u00e3o e Publica\u00e7\u00e3o das atas da Assembleia<\/li>\n<li>Execu\u00e7\u00e3o das Delibera\u00e7\u00f5es da Assembleia<\/li>\n<li>Execu\u00e7\u00e3o do Regulamento do Condom\u00ednio<\/li>\n<li>Fiscaliza\u00e7\u00e3o do cumprimento da lei e das delibera\u00e7\u00f5es da assembleia<\/li>\n<li>Gest\u00e3o de conta banc\u00e1ria do condom\u00ednio<\/li>\n<li>Gest\u00e3o Financeira do Condom\u00ednio<\/li>\n<li>Organiza\u00e7\u00e3o, Arquivo e Preserva\u00e7\u00e3o de toda a documenta\u00e7\u00e3o<\/li>\n<li>Processamento, controle e pagamento de despesas<\/li>\n<li>Processamento, controle e cobran\u00e7a de receitas<\/li>\n<li>Publica\u00e7\u00e3o da identifica\u00e7\u00e3o do Administrador e das regras respeitantes \u00e0 seguran\u00e7a e conviv\u00eancia, no edif\u00edcio<\/li>\n<li>Prepara\u00e7\u00e3o e elabora\u00e7\u00e3o de Convocat\u00f3rias<\/li>\n<li>Presen\u00e7a nas Assembleias Ordin\u00e1rias e Extraordin\u00e1rias<\/li>\n<li>Representa\u00e7\u00e3o do condom\u00ednio junto das Autoridades (no cumprimento de obriga\u00e7\u00f5es ou na defesa de direitos, acionando os meios judiciais quando necess\u00e1rio)<\/li>\n<li>Requisi\u00e7\u00e3o do Cart\u00e3o de Pessoa Coletiva do Condom\u00ednio<\/li>\n<li>Verifica\u00e7\u00e3o ou cria\u00e7\u00e3o do Seguro Obrigat\u00f3rio<\/li>\n<\/ul>\n<h3><span style=\"color: #3366ff;\"><strong>Servi\u00e7os T\u00e9cnicos:<\/strong><\/span><\/h3>\n<ul>\n<li>Fiscaliza\u00e7\u00e3o e acompanhamento da execu\u00e7\u00e3o de obras de repara\u00e7\u00e3o<\/li>\n<li>Gest\u00e3o e controle das ocorr\u00eancias<\/li>\n<li>Gest\u00e3o e encaminhamento de reclama\u00e7\u00f5es<\/li>\n<li>Manuten\u00e7\u00e3o de equipamentos (acertos, afina\u00e7\u00f5es, lubrifica\u00e7\u00f5es,substitui\u00e7\u00e3o de l\u00e2mpadas)<\/li>\n<li>Recolha e an\u00e1lise de or\u00e7amentos para execu\u00e7\u00e3o de repara\u00e7\u00f5es<\/li>\n<li>Vistorias peri\u00f3dicas ao edif\u00edcio<\/li>\n<\/ul>\n<h3><strong><span style=\"color: #3366ff;\">Servi\u00e7os Jur\u00eddicos<\/span><\/strong><\/h3>\n<ul>\n<li>Acionar extrajudicial e judicialmente as garantias<\/li>\n<li>Aconselhamento para Elabora\u00e7\u00e3o das atas da Assembleia Cobran\u00e7a pr\u00e9-judicial e judicial das quotas<\/li>\n<li>Analisar e interpretar a Propriedade Horizontal<\/li>\n<li>Controlar prazos de garantia de equipamentos e de constru\u00e7\u00e3o<\/li>\n<li>Elaborar, analisar e fiscalizar o cumprimento de contratos<\/li>\n<li>Elaborar o Regulamento do Condom\u00ednio<\/li>\n<li>Media\u00e7\u00e3o de conflitos entre cond\u00f3minos e com terceiros<\/li>\n<\/ul>\n<h3><strong><span style=\"color: #3366ff;\">Limpeza, Higiene e Conforto<\/span><\/strong><\/h3>\n<p style=\"text-align: justify;\">Para os condom\u00ednios que n\u00e3o tenham solu\u00e7\u00f5es pr\u00f3prias de limpeza ou exijam um grau superior de higiene e conforto, temos para oferecer solu\u00e7\u00f5es profissionais e personalizadas em mat\u00e9ria de limpeza com custos muito competitivos.<br \/>A nossa empresa tem parcerias com profissionais de limpeza, que garantem as melhores solu\u00e7\u00f5es com excelentes resultados nas \u00e1reas da limpeza de espa\u00e7os comuns de pr\u00e9dios e garagens.<br \/>Disponibilizamos tamb\u00e9m servi\u00e7os de limpeza especializados (caleiras, chamin\u00e9s, outros).<\/p>","protected":false},"excerpt":{"rendered":"<p>Valida\u00e7\u00e3o de faturas IRS IUC IMI Prova Escolar Bolsa DGES Requerimento seguran\u00e7a social Servi\u00e7os Administrativos \/ Financeiros: Acionar seguro comum do edif\u00edcio Apresenta\u00e7\u00e3o anual de contas e or\u00e7amento Cobran\u00e7a extrajudicial das quotas Contrata\u00e7\u00e3o e supervis\u00e3o de Servi\u00e7os de Interesse Comum Elabora\u00e7\u00e3o e Publica\u00e7\u00e3o das atas da Assembleia Execu\u00e7\u00e3o das Delibera\u00e7\u00f5es da Assembleia Execu\u00e7\u00e3o do Regulamento [&hellip;]<\/p>\n","protected":false},"author":1,"featured_media":0,"parent":0,"menu_order":0,"comment_status":"closed","ping_status":"closed","template":"","meta":[],"_links":{"self":[{"href":"https:\/\/contacorrente.com.pt\/portal\/wp-json\/wp\/v2\/pages\/28"}],"collection":[{"href":"https:\/\/contacorrente.com.pt\/portal\/wp-json\/wp\/v2\/pages"}],"about":[{"href":"https:\/\/contacorrente.com.pt\/portal\/wp-json\/wp\/v2\/types\/page"}],"author":[{"embeddable":true,"href":"https:\/\/contacorrente.com.pt\/portal\/wp-json\/wp\/v2\/users\/1"}],"replies":[{"embeddable":true,"href":"https:\/\/contacorrente.com.pt\/portal\/wp-json\/wp\/v2\/comments?post=28"}],"version-history":[{"count":4,"href":"https:\/\/contacorrente.com.pt\/portal\/wp-json\/wp\/v2\/pages\/28\/revisions"}],"predecessor-version":[{"id":87,"href":"https:\/\/contacorrente.com.pt\/portal\/wp-json\/wp\/v2\/pages\/28\/revisions\/87"}],"wp:attachment":[{"href":"https:\/\/contacorrente.com.pt\/portal\/wp-json\/wp\/v2\/media?parent=28"}],"curies":[{"name":"wp","href":"https:\/\/api.w.org\/{rel}","templated":true}]}}