{"id":16,"date":"2016-06-24T16:35:10","date_gmt":"2016-06-24T16:35:10","guid":{"rendered":"http:\/\/contacorrente.com.pt\/portal\/?page_id=16"},"modified":"2016-10-09T10:58:58","modified_gmt":"2016-10-09T10:58:58","slug":"missao-e-visao","status":"publish","type":"page","link":"https:\/\/contacorrente.com.pt\/portal\/missao-e-visao\/","title":{"rendered":"Miss\u00e3o &#8211; Vis\u00e3o &#8211; Valores"},"content":{"rendered":"<h3 style=\"text-align: justify;\"><span style=\"color: #3366ff;\"><strong>Miss\u00e3o<\/strong><\/span><\/h3>\n<p style=\"text-align: justify;\">\u201cA Conta Corrente foi criada com a miss\u00e3o de ser a solu\u00e7\u00e3o de qualidade em servi\u00e7os para atender \u00e0s expectativas de nossos clientes, diferenciando-se da concorr\u00eancia, n\u00e3o s\u00f3 pela estrutura de refer\u00eancia,\u00a0pela utiliza\u00e7\u00e3o de tecnologias atualizadas e pelos m\u00e9todos de atua\u00e7\u00e3o competitivos, como tamb\u00e9m fazendo neg\u00f3cios com integridade, preservando a nossa reputa\u00e7\u00e3o, dos nossos colaboradores e de nossos clientes.\u201d<\/p>\n<h3 style=\"text-align: justify;\"><span style=\"color: #3366ff;\"><strong>Vis\u00e3o<\/strong><\/span><\/h3>\n<p style=\"text-align: justify;\">&#8220;Ser empresa de refer\u00eancia mercado em que atuamos, em um primeiro momento no distrito de Aveiro e, a seguir, em outras regi\u00f5es do pa\u00eds, destacando-se pela excel\u00eancia no atendimento, pela flexibilidade,\u00a0 e pelos servi\u00e7os de qualidade de tal forma que possamos servir as pessoas.&#8221;<\/p>\n<h3 style=\"text-align: justify;\"><span style=\"color: #3366ff;\"><strong>Valores &#8211; CRESCER<br \/>\n<\/strong><\/span><\/h3>\n<p style=\"text-align: justify;\"><strong><span style=\"color: #3366ff;\">C<\/span>onfian\u00e7a<\/strong><\/p>\n<ul style=\"text-align: justify;\">\n<li>A certeza de que a nossa experi\u00eancia de mercado \u00e9 uma importante ferramenta para o alcance da excel\u00eancia em nossos servi\u00e7os.<\/li>\n<\/ul>\n<p style=\"text-align: justify;\"><strong><span style=\"color: #3366ff;\">R<\/span>espeito<\/strong><\/p>\n<ul style=\"text-align: justify;\">\n<li>Tratar com gentileza, educa\u00e7\u00e3o, aten\u00e7\u00e3o e sem distin\u00e7\u00e3o nossos colaboradores, clientes, fornecedores e parceiros. Utilizar a nossa dimens\u00e3o, alcance e recursos, para cumprir nossas obriga\u00e7\u00f5es com a sociedade e com o meio ambiente, ajudando a tornar o mundo num lugar melhor<\/li>\n<\/ul>\n<p style=\"text-align: justify;\"><strong><span style=\"color: #3366ff;\">E<\/span>xcel\u00eancia<\/strong><\/p>\n<ul style=\"text-align: justify;\">\n<li>Empenho di\u00e1rio para alcan\u00e7ar e manter a satisfa\u00e7\u00e3o de nossos clientes. Alcan\u00e7amos a excel\u00eancia atrav\u00e9s da Inova\u00e7\u00e3o, Aprendizagem e Agilidade. \u00c9 fundamental um esp\u00edrito de exig\u00eancia que permita seguir princ\u00edpios e construir um trabalho de qualidade.<\/li>\n<\/ul>\n<p style=\"text-align: justify;\"><strong><span style=\"color: #3366ff;\">S<\/span>eguran\u00e7a<\/strong><\/p>\n<ul style=\"text-align: justify;\">\n<li>Cumprir com a responsabilidade de oferecer aos nossos clientes seguran\u00e7a e garantia dos servi\u00e7os contratados.<\/li>\n<\/ul>\n<p style=\"text-align: justify;\"><strong><span style=\"color: #3366ff;\">C<\/span>ompet\u00eancia<\/strong><\/p>\n<ul style=\"text-align: justify;\">\n<li>Capacidade de conciliar nosso conhecimento de mercado colocando-o em pr\u00e1tica com total proatividade. A compet\u00eancia requer Coragem, Vis\u00e3o e Integridade.<\/li>\n<\/ul>\n<p style=\"text-align: justify;\"><strong><span style=\"color: #3366ff;\">E<\/span>sp\u00edrito de equipe<\/strong><\/p>\n<ul style=\"text-align: justify;\">\n<li>As melhores solu\u00e7\u00f5es surgem do trabalho conjunto com colegas e clientes. Para ser eficaz, o trabalho de equipa exige Relacionamento, Respeito e Partilha. Reconhecer as diferen\u00e7as de cada membro da equipe, trabalhando o melhor das habilidades de cada um e partilhando os conhecimentos adquiridos entre todos.<\/li>\n<\/ul>\n<p style=\"text-align: justify;\"><strong><span style=\"color: #3366ff;\">R<\/span>igor<\/strong><\/p>\n<ul>\n<li style=\"text-align: justify;\">Estar atento ao que se faz de modo a atingir objetivos estipulados \u00e9 o que constr\u00f3i a atitude exigente. Ser capaz de reconhecer as suas pr\u00f3prias limita\u00e7\u00f5es de modo a saber colmat\u00e1-las \u00e9 a caracter\u00edstica que permite o crescimento pessoal e institucional.<\/li>\n<\/ul>\n","protected":false},"excerpt":{"rendered":"<p>Miss\u00e3o \u201cA Conta Corrente foi criada com a miss\u00e3o de ser a solu\u00e7\u00e3o de qualidade em servi\u00e7os para atender \u00e0s expectativas de nossos clientes, diferenciando-se da concorr\u00eancia, n\u00e3o s\u00f3 pela estrutura de refer\u00eancia,\u00a0pela utiliza\u00e7\u00e3o de tecnologias atualizadas e pelos m\u00e9todos de atua\u00e7\u00e3o competitivos, como tamb\u00e9m fazendo neg\u00f3cios com integridade, preservando a nossa reputa\u00e7\u00e3o, dos nossos [&hellip;]<\/p>\n","protected":false},"author":1,"featured_media":0,"parent":0,"menu_order":0,"comment_status":"closed","ping_status":"closed","template":"","meta":[],"_links":{"self":[{"href":"https:\/\/contacorrente.com.pt\/portal\/wp-json\/wp\/v2\/pages\/16"}],"collection":[{"href":"https:\/\/contacorrente.com.pt\/portal\/wp-json\/wp\/v2\/pages"}],"about":[{"href":"https:\/\/contacorrente.com.pt\/portal\/wp-json\/wp\/v2\/types\/page"}],"author":[{"embeddable":true,"href":"https:\/\/contacorrente.com.pt\/portal\/wp-json\/wp\/v2\/users\/1"}],"replies":[{"embeddable":true,"href":"https:\/\/contacorrente.com.pt\/portal\/wp-json\/wp\/v2\/comments?post=16"}],"version-history":[{"count":15,"href":"https:\/\/contacorrente.com.pt\/portal\/wp-json\/wp\/v2\/pages\/16\/revisions"}],"predecessor-version":[{"id":78,"href":"https:\/\/contacorrente.com.pt\/portal\/wp-json\/wp\/v2\/pages\/16\/revisions\/78"}],"wp:attachment":[{"href":"https:\/\/contacorrente.com.pt\/portal\/wp-json\/wp\/v2\/media?parent=16"}],"curies":[{"name":"wp","href":"https:\/\/api.w.org\/{rel}","templated":true}]}}